75 and 2125.
425
Calculate the greatest common factor of 322 and 1401750.
14
Calculate the highest common factor of 267 and 76234552.
89
Calculate the greatest common divisor of 514647 and 158319.
441
Calculate the highest common factor of 21500792 and 1464.
488
Calculate the highest common factor of 2387930 and 12710.
310
Calculate the greatest common factor of 1243 and 4082125.
113
Calculate the greatest common divisor of 104446416 and 96.
48
Calculate the greatest common divisor of 9559 and 1083555.
121
What is the highest common divisor of 643908 and 287592?
276
What is the greatest common factor of 132189618 and 11?
11
Calculate the greatest common divisor of 1894550 and 49.
7
Calculate the highest common divisor of 1178690 and 3096430.
3790
Calculate the highest common divisor of 2565 and 501390.
135
What is the highest common divisor of 36 and 4636404?
36
What is the highest common divisor of 218035638 and 2430?
486
What is the highest common factor of 64510303 and 286?
143
What is the highest common divisor of 236896410 and 100?
10
Calculate the highest common factor of 211328994 and 5286.
5286
Calculate the greatest common divisor of 91681725 and 11750.
1175
What is the greatest common factor of 25092 and 719919?
369
Calculate the greatest common factor of 22837707 and 1377.
81
What is the greatest common divisor of 37 and 2207681849?
37
What is the greatest common factor of 51023 and 144522?
259
What is the highest common divisor of 7553 and 8201562?
83
What is the greatest common factor of 444678102 and 22?
22
What is the highest common factor of 16 and 214444?
4
Calculate the greatest common factor of 2736 and 66590478.
342
Calculate the highest common divisor of 33431 and 2071067.
331
What is the highest common divisor of 19 and 181274934?
19
What is the greatest common divisor of 8 and 73581724?
4
Calculate the greatest common divisor of 4268 and 34874895.
1067
What is the highest common divisor of 2256163 and 1001?
91
What is the greatest common factor of 679000 and 42?
14
Calculate the highest common factor of 9291 and 30680838.
489
What is the highest common factor of 307 and 102742769?
307
What is the greatest common divisor of 417625 and 4369?
257
What is the highest common factor of 74 and 122587734?
74
What is the highest common divisor of 2064884 and 56561?
163
What is the highest common divisor of 842427 and 1517?
41
Calculate the greatest common divisor of 222070 and 57240.
530
What is the greatest common divisor of 22568526 and 72032?
4502
Calculate the greatest common factor of 2 and 479266.
2
What is the highest common factor of 7 and 248654?
7
Calculate the greatest common divisor of 25162989 and 2814.
201
Calculate the highest common divisor of 1809 and 551853.
27
Calculate the greatest common factor of 1023759 and 18384.
1149
What is the greatest common factor of 1181400 and 66600?
600
What is the greatest common factor of 15579693 and 171?
9
Calculate the highest common divisor of 121542978 and 18.
6
Calculate the highest common factor of 1700 and 831332300.
1700
What is the highest common factor of 6 and 8465292?
6
What is the greatest common factor of 16790387 and 7185?
479
Calculate the greatest common factor of 148326090 and 198.
66
Calculate the highest common divisor of 3474590 and 6078.
2026
What is the greatest common divisor of 1304681 and 812?
203
Calculate the greatest common factor of 7 and 144163.
1
What is the greatest common divisor of 23936 and 62840704?
2176
Calculate the greatest common divisor of 12265 and 2607220.
55
What is the greatest common divisor of 171 and 9323319?
57
Calculate the highest common factor of 432 and 38228004.
108
What is the highest common divisor of 32 and 130792320?
32
Calculate the greatest common factor of 48011 and 581987.
1171
What is the highest common factor of 276801 and 1030539?
807
Calculate the greatest common factor of 267029925 and 111.
111
Calculate the highest common divisor of 253016 and 3.
1
What is the greatest common factor of 114 and 37530681?
57
What is the highest common divisor of 3259587 and 24?
3
What is the greatest common divisor of 10025455 and 363?
121
Calculate the highest common divisor of 1 and 123550507.
1
Calculate the highest common factor of 104196 and 2614932.
228
Calculate the greatest common factor of 53851 and 577955.
343
What is the highest common divisor of 6911801 and 52?
13
What is the greatest common factor of 44441 and 1576486?
2339
What is the highest common divisor of 194 and 11905877?
97
Calculate the highest common factor of 687115941 and 5823.
1941
Calculate the greatest common factor of 144770635 and 745.
745
What is the highest common factor of 699816 and 295464?
312
Calculate the highest common divisor of 137 and 971197658.
137
Calculate the greatest common factor of 19380 and 22669755.
4845
What is the greatest common divisor of 12444001 and 711?
79
Calculate the highest common factor of 1574502 and 248536.
1322
What is the greatest common divisor of 29840807 and 1627?
1627
What is the highest common divisor of 109 and 68897?
1
Calculate the greatest common divisor of 6744463 and 22.
11
What is the greatest common factor of 10875 and 110981550?
2175
Calculate the highest common divisor of 14165 and 44146639.
2833
What is the greatest common factor of 95011 and 3329263?
1939
Calculate the highest common divisor of 1065006804 and 636.
636
What is the highest common divisor of 36531 and 1067517?
4059
Calculate the greatest common factor of 18 and 97694658.
18
Calculate the greatest common factor of 8281 and 3283.
49
Calculate the greatest common factor of 1612 and 5398991.
403
What is the highest common factor of 2 and 3465938?
2
What is the greatest common factor of 87467 and 18585807?
1861
What is the greatest common factor of 2321412 and 672?
12
Calculate the greatest common factor of 84204 and 73764.
36
What is the highest common divisor of 398173 and 42583?
439
Calculate the greatest common divisor of 2671500 and 10940.
20
What is the highest common factor of 168 and 1349976?
24
Calculate the highest common factor of 783679 and 31452.
2621
What is the highest common factor of 13003914 and 61446?
3234
What is the greatest common factor of 848 and 21936272?
16
Calculate the highest common divisor of 141 and 22045726.
47
What is the greatest common divisor of 63832 and 102414?
202
Calculate the greatest common divisor of 12978 and 6376833.
927
Calculate the greatest common factor of 13510 and 3371710.
1930
Calculate the greatest common divisor of 114 and 190854411.
57
Calculate the highest common factor of 7372 and 4654642.
194
What is the highest common divisor of 70 and 97620285?
35
Calculate the greatest common divisor of 27056 and 19008208.
304
What is the highest common divisor of 23916 and 2076?
12
Calculate the greatest common factor of 5534 and 191318681.
2767
What is the greatest common factor of 3540 and 83685777?
177
Calculate the greatest common factor of 18020232 and 11907.
81
What is the greatest common divisor of 32518 and 1652922?
458
Calculate the greatest common factor of 663250987 and 854.
427
What is the highest common factor of 968 and 561972884?
484
Calculate the greatest common divisor of 798463190 and 35.
35
Calculate the greatest common factor of 23541 and 113736.
21
What is the highest common factor of 23763503 and 4475?
179
What is the greatest common factor of 128084130 and 18?
18
What is the highest common factor of 348 and 264786?
6
What is the greatest common divisor of 115764 and 63756?
132
What is the highest common factor of 1755 and 1120275?
585
What is the highest common factor of 14 and 23185659?
7
Calculate the greatest common factor of 428 and 74805733.
107
What is the greatest common divisor of 1751040 and 224?
32
Calculate the highest common factor of 42945 and 23415.
105
What is the greatest common divisor of 87098 and 85061790?
2354
Calculate the greatest common divisor of 5350168 and 56.
8
What is the highest common factor of 235 and 42429297?
47
What is the greatest common factor of 101079772 and 228?
76
Calculate the greatest common divisor of 3876620 and 640.
20
What is the greatest common divisor of 411399452 and 406?
58
Calculate the greatest common factor of 14490